?
104c
In base 8, what is -111 + -26305?
-26416
In base 15, what is -a96 + 1d4?
-8b2
In base 2, what is -10011000000 + -101?
-10011000101
In base 16, what is -17 + c1c?
c05
In base 10, what is 21547 - -6?
21553
In base 3, what is 2 - -2010220012?
2010220021
In base 4, what is -20320 + -2131?
-23111
In base 16, what is -65 + -c3d?
-ca2
In base 10, what is 4 + -75078?
-75074
In base 6, what is 123 - -1135132?
1135255
In base 15, what is -2485 - -37?
-244d
In base 7, what is -1 - -146201?
146200
In base 5, what is -404 - 2130?
-3034
In base 11, what is -1 - 14aa7?
-14aa8
In base 7, what is -123661 - -12?
-123646
In base 16, what is -17f70 - 0?
-17f70
In base 8, what is -2 + 27776?
27774
In base 14, what is -2668 + -1b?
-2685
In base 6, what is 1013211 - -2?
1013213
In base 3, what is -20012102102 - 21?
-20012102200
In base 6, what is -20202 + -20104?
-40310
In base 10, what is 350 + 205?
555
In base 3, what is -22011 + -210122022?
-210221110
In base 15, what is 5 - d6a8?
-d6a3
In base 11, what is 49 - -97?
135
In base 2, what is 1111 - 101100110101011?
-101100110011100
In base 15, what is -280 - d1?
-361
In base 10, what is 57746 + 7?
57753
In base 6, what is -2212 - -32151?
25535
In base 3, what is 21211120112 + 1?
21211120120
In base 14, what is -7c8b - 6?
-7c93
In base 10, what is 935527 + 3?
935530
In base 4, what is -130121 + -12233?
-203020
In base 3, what is -10101221 - -1021010?
-2010211
In base 16, what is 4 - b737?
-b733
In base 4, what is -2 - 1020211?
-1020213
In base 11, what is -624 - a07?
-1530
In base 8, what is 2172 + 112?
2304
In base 16, what is 46faa - -5?
46faf
In base 14, what is -9 + 5b1?
5a6
In base 10, what is -16524 - -3?
-16521
In base 14, what is 3418c - 4?
34188
In base 13, what is -178 - 1149?
-12c4
In base 14, what is 467 + -88?
3bd
In base 6, what is 203301 + -140?
203121
In base 11, what is -24 + 126646?
126622
In base 15, what is -3 + -122ab?
-122ae
In base 7, what is 3646 + 1636?
5615
In base 2, what is 10010001000 + -1001010000?
1000111000
In base 12, what is -35 + bb?
86
In base 4, what is -10 - -33122020?
33122010
In base 6, what is 325151 + 5?
325200
In base 4, what is -221212132 - -13?
-221212113
In base 8, what is 36 - 45744?
-45706
In base 9, what is 41834 + -71?
41753
In base 7, what is 0 - 2004205?
-2004205
In base 3, what is 2 - -11020112012?
11020112021
In base 10, what is -4880 + -41?
-4921
In base 2, what is -10010111001110000001111 + 11?
-10010111001110000001100
In base 4, what is 2 - -2201222?
2201230
In base 12, what is 38455 - -8?
38461
In base 8, what is -12265 + 2?
-12263
In base 12, what is -13 + -16278?
-1628b
In base 5, what is -2 - -23134121?
23134114
In base 9, what is 17 - -23660?
23677
In base 4, what is -10331 - -30123?
13132
In base 16, what is 4 - 243e?
-243a
In base 5, what is -14443 - -103?
-14340
In base 11, what is -4 - 3677?
-3680
In base 2, what is -110010000110111 - 10?
-110010000111001
In base 8, what is 56065 - 61?
56004
In base 5, what is 2 + 114030302?
114030304
In base 14, what is 14 - -7c27?
7c3b
In base 5, what is 14 + 1334101?
1334120
In base 14, what is -3a + 2470?
2434
In base 9, what is 13 - -23542?
23555
In base 9, what is -186 + 11?
-175
In base 14, what is 6 + -37091?
-37089
In base 5, what is 2044414 + 132?
2100101
In base 12, what is 1a222 - 4?
1a21a
In base 4, what is 3 + 13311101?
13311110
In base 4, what is -10 + 23231323?
23231313
In base 6, what is 301304 - -13?
301321
In base 3, what is 222211122100 - -11?
222211122111
In base 8, what is 10 + -161467?
-161457
In base 15, what is 151a1a - 3?
151a17
In base 13, what is -2 - b5b?
-b60
In base 5, what is -2430003 - -10?
-2424443
In base 7, what is 2512 + -22?
2460
In base 9, what is 5 - -325063?
325068
In base 16, what is 2f93 - d?
2f86
In base 11, what is 7 + -17886?
-1787a
In base 12, what is -3b - -3674?
3635
In base 11, what is 462 + 15?
477
In base 6, what is -323232 + 21?
-323211
In base 16, what is 62f + -25?
60a
In base 7, what is -1004 + 142?
-532
In base 10, what is 207 + 295?
502
In base 3, what is -1000012220 + 101?
-1000012112
In base 12, what is -4667 - 43?
-46aa
In base 4, what is -101100201 - -230?
-101033311
In base 5, what is -414 - -104304?
103340
In base 10, what is 1386446 + -3?
1386443
In base 3, what is -11 - -122121210010?
122121202222
In base 13, what is 83c7 + -4?
83c3
In base 11, what is 3 + -58214?
-58211
In base 3, what is 20 - 101110010102?
-101110010012
In base 10, what is 1921 + 103?
2024
In base 7, what is -225 + -550?
-1105
In base 15, what is 22 + -73c?
-71a
In base 7, what is -12324163 - -5?
-12324155
In base 15, what is 134b5 - -2?
134b7
In base 14, what is -21 + b7c3?
b7a2
In base 10, what is 150864 + -2?
150862
In base 11, what is 0 - 157336?
-157336
In base 16, what is -70c70 - 4?
-70c74
In base 6, what is 0 - 322121?
-322121
In base 7, what is 221305 - -5?
221313
In base 7, what is 1 + 4523?
4524
In base 11, what is 16339 - -6?
16344
In base 10, what is 606289 + 5?
606294
In base 14, what is 0 + -1d8b2?
-1d8b2
In base 9, what is -1 + 158142?
158141
In base 3, what is 0 - 102000120?
-102000120
In base 14, what is 48 + a94?
adc
In base 6, what is 125432 + -5?
125423
In base 16, what is -6 + 33838?
33832
In base 6, what is -3133444 - 5?
-3133453
In base 8, what is 1225 - -64?
1311
In base 2, what is -110110101000001111 + 0?
-110110101000001111
In base 6, what is 41430 - -13?
41443
In base 13, what is 11 - -4b2a?
4b3b
In base 12, what is 1769 - -52?
17bb
In base 7, what is -4 - 253?
-260
In base 10, what is -1930 + -12?
-1942
In base 6, what is 5 - -5355?
5404
In base 5, what is -1320 + -2224?
-4044
In base 10, what is -29 - -38?
9
In base 13, what is 208b3 + -2c?
20884
In base 5, what is 110 - 1342334?
-1342224
In base 13, what is 19 - 10b?
-c2
In base 9, what is -4 + 1230410?
1230405
In base 8, what is -242311 - -35?
-242254
In base 9, what is -6 + 1073324?
1073317
In base 4, what is -211000013 + -10?
-211000023
In base 16, what is 42 - -97?
d9
In base 11, what is -4 + 8668?
8664
In base 14, what is 2b + 74d?
77a
In base 9, what is 5 + -228132?
-228126
In base 5, what is -3442003 - -1?
-3442002
In base 5, what is -40232 + 10?
-40222
In base 3, what is -122 - 2221210?
-2222102
In base 12, what is -95b - -3a4?
-577
In base 6, what is 111 - 2034?
-1523
In base 16, what is -612 - 634?
-c46
In base 9, what is -1332 - -701?
-531
In base 13, what is -cac8 + -b?
-cb06
In base 16, what is 3a - -2de6?
2e20
In base 16, what is 1731 - -4f?
1780
In base 5, what is 22211 + -212?
21444
In base 6, what is 3 + 11103302?
11103305
In base 13, what is 61 - 8c3c?
-8bab
In base 15, what is -2 - 53a1?
-53a3
In base 7, what is -532 + -4132?
-4664
In base 2, what is 1100100100001101100111 + -11?
1100100100001101100100
In base 9, what is 15 + 3?
18
In base 4, what is -3 - 133303?
-133312
In base 6, what is 2 - -333303?
333305
In base 6, what is -202150 - 15?
-202205
In base 2, what is 10100010011000101101 - -1?
10100010011000101110
In base 3, what is -202 + 1110202?
1110000
In base 6, what is -1031 - -13302?
12231
In base 5, what is 10 - 230413?
-230403
In base 15, what is -187 + 671?
4d9
In base 16, what is 1d91 + -e?
1d83
In base 16, what is 0 + 1e53?
1e53
In base 2, what is -1 + 10001110010101100?
10001110010101011
In base 9, what is 2158 + -26?
2132
In base 14, what is bdb2 + 1?
bdb3
In base 8, what is -7 + -636?
-645
In base 12, what is 9 + -939b?
-9392
In base 6, what is -4 - -20325?
20321
In base 8, what is -130560 + 20?
-130540
In base 16, what is -1e8 + -1660?
-1848
In base 2, what is -101100 - -101011110?
100110010
In base 16, what is -b18 + -12?
-b2a
In base 13, what is -6 + 1130?
1127
In base 11, what is 1953423 + 1?
1953424
In base 11, what is 3759 + 7?
3765
In base 5, what is -3233 + 0?
-3233
In base 4, what is -100100 - 20?
-100120
In base 11, what is 0 - 47a39?
-47a39
In base 12, what is -8 - -22a8b?
22a83
In base 6, what is -1124 - 1014?
-2142
In base 6, what is -25 + -2124555?
-2125024
In base 13, what is 1957 - 20?
1937
In base 13, what is 204 + b5?
2b9
In base 9, what is -71457 - -14?
-71443
In base 12, what is 1b93 - -5a?
2031
In base 12, what is 4 - 171989?
-171985
In base 5, what is -210033 - -3?
-210030
In base 13, what is -3269b + -2?
-326a0
In base 15, what is -d1 +